{"id":173,"date":"2021-05-20T15:17:02","date_gmt":"2021-05-20T15:17:02","guid":{"rendered":"http:\/\/stowarzyszenieszostka.pl\/?page_id=173"},"modified":"2021-06-14T16:58:35","modified_gmt":"2021-06-14T16:58:35","slug":"zgubiono-znaleziono","status":"publish","type":"page","link":"https:\/\/stowarzyszenieszostka.pl\/index.php\/zgubiono-znaleziono\/","title":{"rendered":"Zgubiono\/Znaleziono"},"content":{"rendered":"\n<p>Jak co\u015b zgubi\u0142e\u015b lub znalaz\u0142e\u015b &#8211; powiadom nas, a my zamie\u015bcimy og\u0142oszenie. U\u017cyj formularza kontaktowego z Menu lub napisz komentarz pod og\u0142oszeniem.<\/p>\n\n\n\n<p><strong>2021.05.20 Znaleziono portmonetk\u0119<\/strong><\/p>\n\n\n\n<p><a href=\"http:\/\/stowarzyszenieszostka.pl\/index.php\/2021\/05\/20\/znaleziono-portmonetke\/\">http:\/\/stowarzyszenieszostka.pl\/index.php\/2021\/05\/20\/znaleziono-portmonetke\/<\/a><\/p>\n","protected":false},"excerpt":{"rendered":"<p>Jak co\u015b zgubi\u0142e\u015b lub znalaz\u0142e\u015b &#8211; powiadom nas, a my zamie\u015bcimy og\u0142oszenie. U\u017cyj formularza kontaktowego z Menu lub napisz komentarz pod og\u0142oszeniem. 2021.05.20 Znaleziono portmonetk\u0119 http:\/\/stowarzyszenieszostka.pl\/index.php\/2021\/05\/20\/znaleziono-portmonetke\/<\/p>\n","protected":false},"author":1,"featured_media":0,"parent":0,"menu_order":0,"comment_status":"closed","ping_status":"closed","template":"","meta":{"footnotes":""},"class_list":["post-173","page","type-page","status-publish","hentry"],"_links":{"self":[{"href":"https:\/\/stowarzyszenieszostka.pl\/index.php\/wp-json\/wp\/v2\/pages\/173","targetHints":{"allow":["GET"]}}],"collection":[{"href":"https:\/\/stowarzyszenieszostka.pl\/index.php\/wp-json\/wp\/v2\/pages"}],"about":[{"href":"https:\/\/stowarzyszenieszostka.pl\/index.php\/wp-json\/wp\/v2\/types\/page"}],"author":[{"embeddable":true,"href":"https:\/\/stowarzyszenieszostka.pl\/index.php\/wp-json\/wp\/v2\/users\/1"}],"replies":[{"embeddable":true,"href":"https:\/\/stowarzyszenieszostka.pl\/index.php\/wp-json\/wp\/v2\/comments?post=173"}],"version-history":[{"count":3,"href":"https:\/\/stowarzyszenieszostka.pl\/index.php\/wp-json\/wp\/v2\/pages\/173\/revisions"}],"predecessor-version":[{"id":195,"href":"https:\/\/stowarzyszenieszostka.pl\/index.php\/wp-json\/wp\/v2\/pages\/173\/revisions\/195"}],"wp:attachment":[{"href":"https:\/\/stowarzyszenieszostka.pl\/index.php\/wp-json\/wp\/v2\/media?parent=173"}],"curies":[{"name":"wp","href":"https:\/\/api.w.org\/{rel}","templated":true}]}}